{"id":429,"date":"2020-08-03T14:48:46","date_gmt":"2020-08-03T14:48:46","guid":{"rendered":"http:\/\/3260.com.ar\/web\/?page_id=429"},"modified":"2020-09-22T12:24:57","modified_gmt":"2020-09-22T12:24:57","slug":"servicios","status":"publish","type":"page","link":"https:\/\/3260.com.ar\/web\/servicios\/","title":{"rendered":"Servicios"},"content":{"rendered":"\n<p><strong>Establecidos como una Agencia de Noticias ofrecemos los siguientes productos<br>period\u00edsticos:<\/strong><\/p>\n\n\n\n<ul class=\"wp-block-list\"><li>Distribuci\u00f3n diaria de noticias relacionadas con el turismo, la educaci\u00f3n, la cultura y el deporte de la regi\u00f3n.<\/li><li>Preproducci\u00f3n, producci\u00f3n y difusi\u00f3n integral y multimedial de material informativo, formativo y\/o de entretenimiento.<\/li><li>Redacci\u00f3n de textos para sitios de noticias.<\/li><li>Producci\u00f3n y distribuci\u00f3n de flashes informativos de audio y\/o de video para las diferentes plataformas audiovisuales existentes.<\/li><li>Dise\u00f1o y realizaci\u00f3n de producciones gr\u00e1ficas tales como diarios, revistas, libros, folletos, gacetillas, etc.<\/li><li>Realizaci\u00f3n de producciones especiales, documentales, entrevistas, cortos.<\/li><li>Organizaci\u00f3n de conferencias de prensa y eventos comunicacionales.<\/li><li>Cobertura period\u00edstica y multimedial de acontecimientos p\u00fablicos y privados.<\/li><\/ul>\n\n\n\n<figure class=\"wp-block-image size-large\" data-amp-noloading=\"true\" data-amp-lightbox=\"true\"><img loading=\"lazy\" decoding=\"async\" width=\"724\" height=\"1024\" src=\"http:\/\/3260.com.ar\/web\/wp-content\/uploads\/2020\/08\/presentacion-01-724x1024.png\" alt=\"\" class=\"wp-image-553\" srcset=\"https:\/\/3260.com.ar\/web\/wp-content\/uploads\/2020\/08\/presentacion-01-724x1024.png 724w, https:\/\/3260.com.ar\/web\/wp-content\/uploads\/2020\/08\/presentacion-01-212x300.png 212w, https:\/\/3260.com.ar\/web\/wp-content\/uploads\/2020\/08\/presentacion-01-768x1086.png 768w, https:\/\/3260.com.ar\/web\/wp-content\/uploads\/2020\/08\/presentacion-01-1086x1536.png 1086w, https:\/\/3260.com.ar\/web\/wp-content\/uploads\/2020\/08\/presentacion-01.png 1240w\" sizes=\"auto, (max-width: 724px) 100vw, 724px\" \/><\/figure>\n\n\n\n<p><\/p>\n","protected":false},"excerpt":{"rendered":"<p>Establecidos como una Agencia de Noticias ofrecemos los siguientes productosperiod\u00edsticos: Distribuci\u00f3n diaria de noticias relacionadas con el turismo, la educaci\u00f3n, la cultura y el deporte de la regi\u00f3n. Preproducci\u00f3n, producci\u00f3n y difusi\u00f3n integral y multimedial de material informativo, formativo y\/o de entretenimiento. Redacci\u00f3n de textos para sitios de noticias. Producci\u00f3n y distribuci\u00f3n de flashes informativos [&hellip;]<\/p>\n","protected":false},"author":2,"featured_media":0,"parent":0,"menu_order":0,"comment_status":"closed","ping_status":"closed","template":"","meta":{"footnotes":""},"class_list":["post-429","page","type-page","status-publish","hentry"],"jetpack_sharing_enabled":true,"_links":{"self":[{"href":"https:\/\/3260.com.ar\/web\/wp-json\/wp\/v2\/pages\/429","targetHints":{"allow":["GET"]}}],"collection":[{"href":"https:\/\/3260.com.ar\/web\/wp-json\/wp\/v2\/pages"}],"about":[{"href":"https:\/\/3260.com.ar\/web\/wp-json\/wp\/v2\/types\/page"}],"author":[{"embeddable":true,"href":"https:\/\/3260.com.ar\/web\/wp-json\/wp\/v2\/users\/2"}],"replies":[{"embeddable":true,"href":"https:\/\/3260.com.ar\/web\/wp-json\/wp\/v2\/comments?post=429"}],"version-history":[{"count":0,"href":"https:\/\/3260.com.ar\/web\/wp-json\/wp\/v2\/pages\/429\/revisions"}],"wp:attachment":[{"href":"https:\/\/3260.com.ar\/web\/wp-json\/wp\/v2\/media?parent=429"}],"curies":[{"name":"wp","href":"https:\/\/api.w.org\/{rel}","templated":true}]}}