{"id":431,"date":"2020-08-03T14:48:46","date_gmt":"2020-08-03T14:48:46","guid":{"rendered":"http:\/\/3260.com.ar\/web\/?page_id=431"},"modified":"2020-08-10T13:57:12","modified_gmt":"2020-08-10T16:57:12","slug":"contacto","status":"publish","type":"page","link":"https:\/\/3260.com.ar\/web\/contacto\/","title":{"rendered":"Contacto"},"content":{"rendered":"\n<h3 class=\"wp-block-heading\">Redacci\u00f3n<\/h3>\n\n\n\n<p>Si quer\u00e9s ayudarnos a brindar la informaci\u00f3n m\u00e1s completa y actualizada pod\u00e9s enviarnos tus gacetillas al mail <a aria-label=\"undefined (abre en una nueva pesta\u00f1a)\" href=\"mailto:redaccion@3260.com.ar\" target=\"_blank\" rel=\"noreferrer noopener\"><strong>redaccion@3260.com.ar<\/strong><\/a>.<\/p>\n\n\n\n<h3 class=\"wp-block-heading\">Publicidad<\/h3>\n\n\n\n<p>Para promocionar tu comercio, producto o servicio en nuestro sitio web escribinos a la casilla de correo <a aria-label=\"undefined (abre en una nueva pesta\u00f1a)\" href=\"mailto:comercial@3260.com.ar\" target=\"_blank\" rel=\"noreferrer noopener\"><strong>comercial@3260.com.ar<\/strong><\/a>.<\/p>\n\n\n\n<h3 class=\"wp-block-heading\">Charlemos!<\/h3>\n\n\n\n<p>A trav\u00e9s del siguiente formulario pod\u00e9s ponerte en contacto con nosotros. Envianos tu comentario, sugerencia o consulta que te responderemos a la brevedad.<\/p>\n\n\n<p>[wpforms id=\u00bb591&#8243; title=\u00bbfalse\u00bb description=\u00bbfalse\u00bb]<\/p>\n","protected":false},"excerpt":{"rendered":"<p>Redacci\u00f3n Si quer\u00e9s ayudarnos a brindar la informaci\u00f3n m\u00e1s completa y actualizada pod\u00e9s enviarnos tus gacetillas al mail redaccion@3260.com.ar. Publicidad Para promocionar tu comercio, producto o servicio en nuestro sitio web escribinos a la casilla de correo comercial@3260.com.ar. Charlemos! A trav\u00e9s del siguiente formulario pod\u00e9s ponerte en contacto con nosotros. Envianos tu comentario, sugerencia o [&hellip;]<\/p>\n","protected":false},"author":2,"featured_media":0,"parent":0,"menu_order":0,"comment_status":"closed","ping_status":"closed","template":"","meta":{"footnotes":""},"class_list":["post-431","page","type-page","status-publish","hentry"],"jetpack_sharing_enabled":true,"_links":{"self":[{"href":"https:\/\/3260.com.ar\/web\/wp-json\/wp\/v2\/pages\/431","targetHints":{"allow":["GET"]}}],"collection":[{"href":"https:\/\/3260.com.ar\/web\/wp-json\/wp\/v2\/pages"}],"about":[{"href":"https:\/\/3260.com.ar\/web\/wp-json\/wp\/v2\/types\/page"}],"author":[{"embeddable":true,"href":"https:\/\/3260.com.ar\/web\/wp-json\/wp\/v2\/users\/2"}],"replies":[{"embeddable":true,"href":"https:\/\/3260.com.ar\/web\/wp-json\/wp\/v2\/comments?post=431"}],"version-history":[{"count":0,"href":"https:\/\/3260.com.ar\/web\/wp-json\/wp\/v2\/pages\/431\/revisions"}],"wp:attachment":[{"href":"https:\/\/3260.com.ar\/web\/wp-json\/wp\/v2\/media?parent=431"}],"curies":[{"name":"wp","href":"https:\/\/api.w.org\/{rel}","templated":true}]}}